ainder when m is divided by n.
10
Let k = 428 + -609. Let u = -155 - k. What is the remainder when 70 is divided by u?
18
Suppose -20853 = -26*g - 11467 + 32630. What is the remainder when g is divided by 85?
1
What is the remainder when (-30 - -31)*((-10)/(-2) + 427) is divided by 82?
22
Let x(a) = -63*a - 4. Suppose r + t - 71 = 0, 181 = r - 3*t + 78. Calculate the remainder when x(-5) is divided by r.
74
Suppose -v - 2*v = 18. Let k = 9 + v. Suppose 4*n + 5*i = 37, -5*i + 10*i - 13 = -n. What is the remainder when n is divided by k?
2
Suppose -5*u = 4*v - 3*v + 31, -2*v - 14 = 2*u. Let m be u + -2 + 2 + (5 - 3). Calculate the remainder when 54 is divided by (0 - (m - -3))*29.
25
Suppose 56 = -2*n + 154. What is the remainder when n is divided by ((-1)/((-5)/(-3)))/(215/(-9675))?
22
Let f(a) = -81*a + 863. What is the remainder when f(9) is divided by 67?
0
Suppose -11264 + 27797 = 9*x. Suppose -x + 249 = -4*l. What is the remainder when l is divided by 80?
77
Suppose -26*r + 15*r - 2*z + 6483 = 0, 4*z - 597 = -r. What is the remainder when r is divided by 125?
89
What is the remainder when (1 - 1381/4)*(-292)/219 is divided by 39?
30
Suppose -5*c + 97 = -4*h, 5*c - 2*h - 52 - 49 = 0. What is the remainder when (-7)/14 - (-2391)/6 is divided by c?
20
Let v(f) = -2*f**2 + 90*f - 79. Let s(m) = m**3 - 5*m**2 + 4*m - 3. What is the remainder when s(7) is divided by v(44)?
6
Let r be (-5 - (0 - 4)) + 78. Suppose r*y - 71*y = 2580. Calculate the remainder when y is divided by 24.
22
Let y(k) = -4*k - 17. Let b be y(-5). Suppose 2*m - 3*q = 317, -5*m + b*q + q + 803 = 0. Calculate the remainder when m is divided by 13.
7
Let d(f) = 4*f**2 + 91*f - 2300. What is the remainder when d(18) is divided by 27?
13
Suppose 6*q - 19 = -7. Suppose 0 = 5*x + a - 9, 2*x - 6 = -q*x - 2*a. What is the remainder when x is divided by 1?
0
Suppose 1528 = 2*k + 5*v, 2*k + 148 = 2*v + 1648. Calculate the remainder when k is divided by 9.
7
Let p(l) = l**2 - 15*l. Let t be 5/2*(-1152)/(-180). What is the remainder when 76 is divided by p(t)?
12
Suppose -70*b + 49800 = 80*b. What is the remainder when 341 is divided by b?
9
Let w(c) = -c**2 - 2*c + 17. Let d be w(-5). Let j(q) = 52 + 0*q**3 + 10*q + q**3 + 14*q**d - 62. What is the remainder when 115 is divided by j(-13)?
28
Let f(b) be the second derivative of b**4/12 + b**3/6 + 5*b. Let s be -8*(3 - 35/10). Calculate the remainder when 72 is divided by f(s).
12
Suppose -25*a - 3195 = -29*a - 3*d, 4*a = -4*d + 3192. Calculate the remainder when a is divided by 197.
13
What is the remainder when (-1)/((-6)/71132)*(4 - 70/28) is divided by 36?
35
Let k(l) = -l + 36. Let d(n) = 19*n + 10. Suppose -5*u = 4*i - 6 + 1, 0 = 4*i - 4*u - 32. Calculate the remainder when d(i) is divided by k(18).
15
Let h be 2/(-8) + (-6)/48*-26. Suppose 2*f + 122 = -4*r - 3*f, -h*r - 5*f = 94. Calculate the remainder when (380/r + -1)*(-1 - 6) is divided by 35.
32
Let t(i) = 11*i + 28. Let b be t(0). Suppose 89*d - 90*d = -b. Let p(h) = -14*h + 1. Calculate the remainder when d is divided by p(-1).
13
Suppose p + 3 - 2 = 0, -4*d - p + 47 = 0. Let w = -10 + d. What is the remainder when 3 is divided by (-1)/(w/(-4)) + (1 - 0)?
0
Suppose c - 921 = -2*c. Let f = -158 + c. Suppose -9*j + 4*a = -2*j - 262, -3*j - 5*a + 119 = 0. Calculate the remainder when f is divided by j.
35
Let i(x) = 8*x**2 + 8*x - 34. Let q(p) = -9*p**2 - 8*p + 34. Let l(g) = 6*i(g) + 5*q(g). Calculate the remainder when l(5) is divided by 41.
40
Suppose 216*u - 1700 = 60*u + 2980. What is the remainder when 1952 is divided by u?
2
Let v(w) = -61*w - 1059. What is the remainder when v(-20) is divided by 70?
21
Suppose 66*g - 220*g = -271194. What is the remainder when g is divided by 41?
39
Let w be 32/8 + (-2 + 137 - -1). Suppose 11*v + w = 16*v. Calculate the remainder when 117 is divided by v.
5
Let y(o) = o**2 + 12*o + 2. Let p be y(-12). Suppose 3*j = p*j + 3*t + 9, 0 = -t - 5. What is the remainder when -6 + (-135)/j + 2/4 is divided by 1?
0
Let o be (163 - 1)*20/60. Let q be (18/o)/(1/168). Suppose -3*v - v - 4*l = -q, -l + 58 = 5*v. What is the remainder when 151 is divided by v?
8
Suppose 121*l = 47*l + 244126. Calculate the remainder when l is divided by 9.
5
Let f(n) = -n**3 + 57*n**2 + 50*n + 477. Calculate the remainder when 6535 is divided by f(58).
9
Let i(z) = 3*z**3 - z**2 + z. Let m be i(1). Suppose -m*g - 43 = 23. Calculate the remainder when 95 is divided by g*(-1 + 4/(-8)).
29
Suppose 469 = 29*b - 872 - 196. Suppose 5*o - 41 - 14 = 0. What is the remainder when b is divided by o?
9
Suppose -2*p + p = 4*q + 176, 5*q + 220 = 4*p. Let g = -27 - q. Suppose -8*a + 36 = -4*a. What is the remainder when g is divided by a?
8
Let c = 6629 - 6450. What is the remainder when c is divided by 132?
47
Suppose -j - 4*n + 6*n + 407 = 0, -5*n - 413 = -j. Let c = j + -397. Calculate the remainder when 40 is divided by c.
4
Suppose -c - 5*p - 42 = 0, p - 84 = 3*c - c. Let f be (28/c)/((-2)/30). Suppose f = 2*w - 12. What is the remainder when w is divided by 5?
1
Let p = -129 - -211. Let t(c) = -c**3 + 107*c**2 - 109*c + 552. Calculate the remainder when t(106) is divided by p.
70
What is the remainder when 280 is divided by (-8)/((-11480)/1140 + 10)?
52
Let w(k) = 2*k**3 + 10*k**2 - 71*k - 276. Calculate the remainder when 605 is divided by w(-6).
59
Let f = -664 - -670. Suppose g + 24 = f*x - 4*x, g = -x + 6. Calculate the remainder when 76 is divided by x.
6
Let g(k) = k**2 + 3*k - 5. Let c = -89042 + 89116. What is the remainder when c is divided by g(4)?
5
Let s(f) = 22*f + 19. Let w(m) = 109*m + 94. Let x(a) = -11*s(a) + 2*w(a). Calculate the remainder when 593 is divided by x(-2).
26
Suppose h + 3*k = -0*k + 193, 3*h = 3*k + 603. What is the remainder when h is divided by 99?
1
Let x(a) = 215*a - 1051. Calculate the remainder when x(16) is divided by 23.
20
Let s be 7*(-1 + (-74)/(-14)) + 3. Let v = s - 26. Suppose -72 = -q - v*q. What is the remainder when 28 is divided by q?
1
Suppose 185*b - 2*b - 309850 = 861167. What is the remainder when b is divided by 97?
94
Let n = -2962 - -2982. Calculate the remainder when 170 is divided by n.
10
Suppose 5*z = 0, 15*z = -5*t + 10*z - 15. Let j(q) = q**3 - q**2 + 4*q. Let s be j(3). Calculate the remainder when s*t/(60/(-16)) is divided by 9.
6
Let w(c) = c**2 - c - 10. Let s be w(4). Let h(f) = -8*f**s - 6*f**2 + 4 + 16*f**2 + 9*f. What is the remainder when 41 is divided by h(-6)?
19
Let j = 21448 + -15487. Calculate the remainder when j is divided by 71.
68
Suppose -3*a = -2*d - 253, 2*a - d - 51 = 119. Calculate the remainder when 427 is divided by a.
79
Suppose -d + 164 = n + 4, 3*d - 319 = -2*n. Suppose 3*u - 439 = n. Suppose u = 2*m + 44. What is the remainder when m is divided by 20?
18
Suppose 51*w + 51*w + 7420 = 25882. Let j(o) = 46*o**2. Calculate the remainder when w is divided by j(1).
43
Suppose 0 = -g + 15. Let f(n) = 9*n + 16. Let o be f(-3). What is the remainder when (-2 - -51) + (-88)/o is divided by g?
12
Suppose -52*l + 61*l = 13977. What is the remainder when l is divided by 156?
149
Suppose 493 = 28*u + 129. Suppose 0 = n + 5*w + 21, -n + w - 11 = -5*n. Calculate the remainder when u is divided by n.
1
Let y(c) = c**3 - 9*c**2 + 3*c + 4. Let h be y(8). Let v = -13 - h. Let d(r) = -691*r + 4211. Calculate the remainder when d(6) is divided by v.
19
Let y(x) = 10*x - 98. Let t be y(23). Calculate the remainder when (34/3 + -1)*(t + -123) is divided by 24.
21
Let s(x) = -x**3 - 20*x**2 + 61*x - 79. What is the remainder when 937 is divided by s(-23)?
97
Let f be (-308 - 3) + -6 + 5. Let k = -242 - f. Suppose 0 = -4*g + 3*w + 81, -5*g + 2*w = -2*w - 102. What is the remainder when k is divided by g?
16
Suppose -70*f + 36261 + 13579 = 0. What is the remainder when f is divided by 17?
15
Let z = 0 - 5. Let j = z - -6. Suppose 0*k = 2*k - 8*k + 12. What is the remainder when k is divided by j?
0
Suppose -4*p + 432 = p - 3*l, -5*l + 5 = 0. Let a = -227655 + 227666. Calculate the remainder when p is divided by a.
10
Suppose 25422*d = 25433*d - 10098. What is the remainder when d is divided by 103?
94
Suppose -42*x + 1092 = -21*x + 18*x. Calculate the remainder when 195 is divided by x.
27
Let f(u) = 8*u 